he prime factors of f?
73
Let i(k) = 2*k - 12. Let b be i(8). Let t = 1 + 0. Let p = t + b. What are the prime factors of p?
5
Let r = 134 - 76. List the prime factors of r.
2, 29
Suppose 5*r + 2*t = 10, 2*r + 4*t = 3*r - 2. Let s = -1 - r. What are the prime factors of (s + (-3)/12)*-4?
13
Let i = -15 + 97. List the prime factors of i.
2, 41
Suppose -f + 4*f = 3*i + 24, 0 = 3*f + 5*i. Let c = -2 + f. Suppose -p = c*k - 55, k + 3*p = 2*p + 21. What are the prime factors of k?
17
Suppose -2*t + 3*t = -c + 30, -5*t + 3*c = -150. What are the prime factors of t?
2, 3, 5
Let n = -4 - -7. Suppose 0 = n*l - 6 - 3. List the prime factors of l.
3
Let g = -6 + 9. Let v = g + 0. Suppose v*l = -4*y + 47, -2 - 5 = -y + 4*l. What are the prime factors of y?
11
Let w(b) = -5*b**3 + b**2 - 1. Let t be w(-1). What are the prime factors of 7/(-2)*(3 - t)?
7
Let p(r) = -r - 4. List the prime factors of p(-6).
2
Let q = 5 + -6. Let z(h) = 59*h**3 + 2*h + 1. Let m be z(q). List the prime factors of 2/11 + m/(-33).
2
Let c = -30 - -19. Let b = c + 18. List the prime factors of b.
7
Suppose 0 = -4*l + 4 - 12. Let m be ((-21)/14)/((-1)/l). Let x = m - -9. List the prime factors of x.
2, 3
Suppose 4*o - 98 = -6. List the prime factors of o.
23
Let s be 1/(-2) + (-2408)/(-16). Suppose 0 = -21*h + 26*h - s. List the prime factors of h.
2, 3, 5
Suppose -10*n + 679 = -2171. What are the prime factors of n?
3, 5, 19
List the prime factors of (0 - -1 - 82)*1/(-1).
3
Suppose 7*z - 2*z = 25. Suppose z*l - 4 = -f, -l = -2*l - 2. Let t = -4 + f. List the prime factors of t.
2, 5
Suppose -4*x - 3*a - a = -500, -2 = -a. List the prime factors of x.
3, 41
Let o be (-28)/3*(-15)/10. Let n = o - -7. Suppose -2*i - n = -5*i. What are the prime factors of i?
7
Suppose 0 = m - 3*i + 1, 4*i = 3 + 1. Suppose -v - m = 0, 0*t - 2*t + 20 = -3*v. Let w = t + 0. What are the prime factors of w?
7
Let t(s) = -s**2. Let n(x) = -2*x**2 + 5*x + 7. Let q(b) = n(b) - 3*t(b). List the prime factors of q(-7).
3, 7
Let o be 2 - (1 + -1*2). Suppose -a - o = 2*a. Let h = a + 5. List the prime factors of h.
2
Let l(g) = 3*g**2 - 4*g + 4. What are the prime factors of l(-3)?
43
Suppose -3*z = -0*z - 63. Let q = z + -11. What are the prime factors of q?
2, 5
Suppose l - 15 = -4*b, 5*l + 3*b - 5 = 2. List the prime factors of l/6 - 218/(-12).
2, 3
Suppose 5*n + 8 = 4*c + 33, 0 = -3*n + 3. Let i(b) = -b**2 - 5*b - 1. Let j be i(c). What are the prime factors of (-8)/(j/1)*1?
2
Suppose 5*m + b - 1921 = 0, 4*m - 5*b = 2*m + 790. List the prime factors of m.
5, 7, 11
Let u(s) be the third derivative of 0 + 2*s**2 + 0*s - 1/6*s**3 + 1/8*s**4. List the prime factors of u(2).
5
Let y(b) = -b**2 - 30*b + 34. List the prime factors of y(-28).
2, 3, 5
Let n(y) be the first derivative of y**2/2 + 2*y - 3. List the prime factors of n(6).
2
List the prime factors of -70*(3 + -2)*-1.
2, 5, 7
Suppose 0 = -2*h - 2*h + 96. List the prime factors of h.
2, 3
What are the prime factors of 0 + ((-12)/(-15))/2*5?
2
Let s be (10/(-4))/(5/(-10)). Suppose 24 = s*l - 56. List the prime factors of l.
2
Suppose 5*o - 136 = -11. List the prime factors of o.
5
Let p be (-2 - (-8)/3)*3. Suppose 0 = -t + 1 + 2. What are the prime factors of t + p - (1 - -1)?
3
Let g(k) = -2*k - 3. Let t be g(-5). Let a(r) = -r**2 + 7*r - 5. Let m be a(t). List the prime factors of 5*(1 - 7/m).
2, 3
Let d(x) = 2*x**2 - 4*x + 3. Let n(j) = -j**2 + 8*j - 7. Let l be n(6). List the prime factors of d(l).
3, 11
Let x = -8 + 8. Let j(p) = p**3 + 32. What are the prime factors of j(x)?
2
Suppose 23 = p + 3*c, -5*c + 10*c - 57 = -4*p. Let b = -28 - -8. List the prime factors of ((-4)/1)/(p/b).
2, 5
Let o be (-12)/10*(-20)/(-8). Let i be ((-28)/12)/(1/o). Let h = 2 + i. List the prime factors of h.
3
Let h be (2/(-1))/(2/(-15)). Let z = -4 + h. What are the prime factors of z?
11
Let c be (-44)/(-8) - 3/2. Suppose 0 = -c*l + 2*l + 130. List the prime factors of l/15 - (-4)/6.
5
Let w(p) = -p**3 - 5*p**2 - 6*p - 3. Let h be w(-4). Let s = 11 - 5. List the prime factors of (s/(-4))/(h/(-20)).
2, 3
Suppose -5*s - 108 = -7*s. What are the prime factors of s?
2, 3
Let w be (-344)/(-14) + 21/49. Suppose 93 = 4*o + w. List the prime factors of o.
17
Let o = 9 - -7. Let b = 19 - 11. Let g = o - b. List the prime factors of g.
2
Let n(x) = -x**3 + 4*x**2 - 4. Let s be n(3). Suppose 4*q + a - 23 = 0, a - 30 = -s*q - 1. What are the prime factors of q?
2, 3
Let h = 34 + -6. What are the prime factors of h?
2, 7
Suppose 0 = 4*i - 103 - 25. Let q = 49 - i. What are the prime factors of q?
17
Let s = 16 + -31. Let a = -5 + s. Let k = a + 33. List the prime factors of k.
13
Let k(u) = -u**2 + 9*u - 9. Let n be k(8). What are the prime factors of n/(((-3)/33)/1)?
11
Let o(j) = -67*j - 63. List the prime factors of o(-7).
2, 7, 29
Suppose -u = -4*q - 56, 2*q - 6*u + u = -28. Let l = -46 - -24. Let t = q - l. What are the prime factors of t?
2
Let l = -144 - -203. Suppose -29 = -4*d + l. What are the prime factors of d?
2, 11
Suppose 0 = -m + h - 3, 3*h - 6*h + 15 = 0. Suppose -5*u = m*i - 87, 5*i - 3*u = -u + 203. Suppose 5*l - 19 = i. What are the prime factors of l?
2, 3
Let c(w) = w + 11. Let i = 11 + -19. List the prime factors of c(i).
3
Let f(r) = -r + 14. List the prime factors of f(-10).
2, 3
Let i be 16/(-12)*(-33)/2. Let t = i + -3. List the prime factors of t.
19
Suppose 91 = q - s, 2*q - 5*s - 162 = 23. What are the prime factors of q?
2, 3, 5
Let v = -6 + 0. What are the prime factors of -4*19*3/v?
2, 19
Suppose 0 = -q + 3*q - 62. List the prime factors of q.
31
Let s(j) = -3*j**2 + 13*j + 11. Let a(t) = -2*t**2 + 6*t + 6. Let v(n) = -5*a(n) + 3*s(n). Let d be 1/(-2) + 38/(-4). What are the prime factors of v(d)?
13
Let y = 141 - 111. What are the prime factors of y?
2, 3, 5
Let a(s) = 2*s**3 - s + 5*s**2 - 5*s**2 - 4*s**3 - 2*s**2. Let t(w) = w**3 - 7*w**2 + 7*w - 8. Let j be t(6). What are the prime factors of a(j)?
2, 5
Let g be (6/4)/(2/(-248)). Let u be (14/21)/((-4)/g). Let v = u + -21. What are the prime factors of v?
2, 5
Let x(z) be the second derivative of -z**5/20 + z**4/6 + 5*z**3/6 - 2*z**2 - z. Suppose 2*m = -0*m + 6. What are the prime factors of x(m)?
2
Suppose -4*q + 0*d + 2*d - 132 = 0, 2*d = 0. Let u = q + 46. List the prime factors of u.
13
List the prime factors of -1 + -1 + 72/4.
2
List the prime factors of (-1)/(-4) + 1251/4.
313
Suppose -2*i + 3*d - 3 = 0, 5*i + 6*d - 3 = 3*d. Suppose -f + 4*k + i*k = -9, -f + 3 = 2*k. List the prime factors of f.
5
Let y be (-3 - -7)*(-5)/(-4). Suppose 4 = y*m + 2*n, -3*n + n = 6. Suppose -5*c + 0*i + 101 = -3*i, -m*c - i = -36. List the prime factors of c.
19
Let x(j) = -j**3 - j**2 + 3*j - 4. Let p be x(-3). Suppose 3*g + 14 = -p*z, 3*z = -5*g - 0 - 2. What are the prime factors of g?
2
Suppose 35 - 10 = 5*k. What are the prime factors of -3*k*(-1)/3?
5
Let p(v) = -v**2 + 30. List the prime factors of p(0).
2, 3, 5
Let h(p) = 268*p + 1. Let t be h(1). Suppose -2*n = -2, 5*m - n - t = -70. List the prime factors of m.
2, 5
Suppose 3*q - 16 = 2*g, -5*q - 32 = 5*g - g. Let y = 6 + g. List the prime factors of -6*y/8*2.
3
Let v(p) = p**2 - 5*p + 49. What are the prime factors of v(7)?
3, 7
Let v = 1 - -4. Suppose 4*t - 48 = -3*p + t, 60 = v*p + t. What are the prime factors of p?
11
Let u(n) = 2*n + 21. Let s be u(-11). List the prime factors of 21 + s*(-1)/1.
2, 11
Suppose 0 = 5*i - 4*b + 77 - 729, 0 = -3*b - 9. What are the prime factors of i?
2
Suppose i = 31 + 43. Let a = -33 + i. What are the prime factors of a?
41
Let i be (-1)/((-1)/1) + -13. List the prime factors of (-633)/(-15) - i/15.
43
Suppose -5*o - 3*t + 48 = 0, -1 = -t - 0. Let x = 6 - o. Let d(m) = 2*m**2 + 2*m + 1. List the prime factors of d(x).
13
Let y = 9 + -6. Suppose 2*p - 10 = -2*z, -y*z - z = 2*p - 10. Suppose -p*b + 70 = 3*f, 15 + 13 = 2*b - 2*f. List the prime factors of b.
2, 7
Let n(x) = x**3 - 10*x**2 + x - 4. Let s be n(10). List the prime factors of 48/(-16) + (s - -1).
2
Let p(q) = -q**3 - 10*q**2 + 31*q + 10. List the prime factors of p(-13).
2, 3, 19
Let q(z) = -z**2 + 5*z - 1. Suppose 4*s - 2*y + 26 = -0, 5*s + 2*y = -37. Let o be (-26)/s + 2/7. What are the prime factors of q(o)?
3
Let f = -7 - -12. Let p(i) = i**3 - 7